git of p?
2
Let j(u) = -2*u + 23. Suppose -36 = q - 3*s, -4*q - 4*s - 57 = 39. Let c = q + 16. What is the tens digit of j(c)?
4
Let i be (-8)/(-6)*(-3)/(-2). Suppose -i*d + 2 = q + 3*q, -2*d = -5*q - 20. Let b = q - -12. What is the tens digit of b?
1
Let l(w) = -3007*w - 12. What is the tens digit of l(-1)?
9
Suppose -3445 = 7*v + 6*v. Let h = -154 - v. What is the units digit of h?
1
Let q = -280 + 93. Let a = 76 + q. What is the tens digit of (4/(-6))/(2/a)?
3
Let s(f) = f**3 + f**3 + 4 - f**3 + 6*f**2. Let j be s(-6). Suppose 0*t + j*c - 45 = -3*t, 2*t - 4*c - 50 = 0. What is the tens digit of t?
1
Let a(y) = y**3 - 9*y**2 - 10*y + 2. Let i be 88/9 + (-18)/(-81). Let m be a(i). Suppose -24 = -m*w + 8. What is the tens digit of w?
1
Suppose 2210 = 4*q - 5*u, -3*q = 8*u - 3*u - 1675. Suppose q = -5*z + 8*z. Suppose -z = -5*y - 50. What is the tens digit of y?
2
Let g = 362 + 193. What is the tens digit of g?
5
Suppose 4620 = 42*r - 22*r. What is the units digit of r?
1
Let o(k) = -2*k**3 - 10*k**2 + 20*k + 42. What is the tens digit of o(-11)?
7
Let v = 17 - 13. Suppose -5 = s, -v*a + 0*s - s + 143 = 0. What is the tens digit of a?
3
Suppose -6*f = 41*f - 90757. What is the hundreds digit of f?
9
Suppose 0 = 8*a + 2*a - 30. Suppose 0*u + 11 = 3*o + 2*u, -a = -3*u. What is the units digit of o?
3
What is the units digit of ((-30)/(2 + -4))/(3/33)?
5
Let q be 8*(2 + (-12)/16). What is the tens digit of (-1 + -19)*q/(-4)?
5
Suppose 3*w = -4*t + 261, -2*t + 4*w = t - 177. Suppose 5*b + 62 = p, -2*p - 4*b + t + 61 = 0. What is the tens digit of p?
6
Let l(k) = 3*k - 8. Let d be (2 - (-15)/(-9))*12. Let y be l(d). Suppose -5*s + 3*f + 52 = f, -4*f - 44 = -y*s. What is the units digit of s?
0
Let p(m) = m**2 - m - 24. Let y be p(-8). Let r(j) = 21*j**3 - 2*j - 1. Let c be r(-1). Let i = c + y. What is the tens digit of i?
2
Suppose 4*d - 4*k - 16 = 0, 3*d - 40 = -0*d - 4*k. Suppose -z = 3*z - d. Suppose 10 - 2 = z*s. What is the units digit of s?
4
Let m(h) = -h**3 + 7*h**2 - h + 10. Let q be m(7). Suppose 14 = q*f - 1, 2*f - 60 = 5*g. What is the tens digit of 10 + g + 46 + 1?
4
Let x = 9 + -6. Suppose -x*h - 9 = 0, -3*h - h = 5*j - 3. Suppose 192 = 5*u - 3*t - 10, -j*t = -4*u + 164. What is the tens digit of u?
3
Let j = 41 + -32. Suppose 153 + j = 2*k. What is the tens digit of k?
8
Let v be (-6 + (-36)/6)*(-10)/(-4). What is the tens digit of (1753/9 - v/135) + 0?
9
Let y(g) = -g**2 - g + 1. Let l be y(-1). Let i be (4 + -1 + -3)/l. Suppose i = -7*x + 3*x + 20. What is the units digit of x?
5
Let t = 66 - -307. What is the tens digit of t?
7
Let z = -751 + 1072. What is the units digit of z?
1
Let p(c) = -6*c**3 + c**2 + 2*c - 3. Let o(f) = -f**2 - 12*f + 11. Let u be o(-13). What is the units digit of p(u)?
5
Let w = -56 + 81. Let z = w + 9. What is the units digit of z?
4
Suppose 0 = 4*h - 16, 2*p + 0*h + 5*h - 148 = 0. Let x = -41 + 19. Let q = x + p. What is the tens digit of q?
4
Let a(b) = -b**3 - 19*b**2 + 19*b + 27. Let d be a(-20). Let z = 56 - d. What is the units digit of z?
9
Suppose 5*i + 56 = -2*x + 3*x, -x = 2*i - 42. Suppose 5*z = -20, -2*y + 5*y = -2*z + x. What is the tens digit of y?
1
Suppose -3*v - 211 = -58. Suppose -2*h + 203 + 68 = 3*z, 4*z - 2*h - 338 = 0. Let o = z + v. What is the units digit of o?
6
Suppose 0 = 2*i - 3*t + 265, -515 = 4*i - 3*t - 0*t. Let w = -68 - i. What is the units digit of w?
7
Let r = -82 - -40. Suppose -4*d = 2*o + 34, -5*o + 4*o + d - 29 = 0. Let n = o - r. What is the units digit of n?
7
Let c(t) be the second derivative of 2*t**3 + 41*t**2/2 + 46*t. What is the tens digit of c(13)?
9
Let z be -2 + (-4 + 42 - 2). Suppose z = 3*p + 5*y, -2*p - 4*y + 24 = -0*p. What is the units digit of p?
8
Suppose -406 = 4*j - 3366. What is the units digit of j?
0
Let d be (228/24)/(2/4). Let h = d + 28. What is the tens digit of h?
4
Let w be (((-81)/(-4))/(-9))/((-9)/(-48)). What is the units digit of (-3)/w - (-39)/4?
0
What is the tens digit of 628 - 0 - ((-128)/16 + 14)?
2
Let x = 12 + -10. Suppose -t - 4*o + 457 = x*t, 0 = o + 2. What is the units digit of t?
5
Let i be (3 - -1) + 0 + 32. Let q = -10 + i. What is the tens digit of q?
2
Suppose 3*w - 1 = 8. Suppose 2*m - 385 = -w*m. What is the tens digit of m?
7
Suppose 4*q - 5*o - 19 = 0, 3*o + 28 = 3*q + 10. Suppose -4*j - q = 13. Let a(y) = -2*y - 1. What is the tens digit of a(j)?
1
Suppose 3*n = -2*n. Suppose 4*q - 4 = n, -f + 2*q + q = -20. What is the units digit of f?
3
Let b = -11 + 16. Let i(h) = h**3 - 5*h**2 + 4*h + 6. Let s be i(b). Let o = s + 1. What is the units digit of o?
7
Let d(m) = 7*m**3 - 12*m**2 + 18*m + 3. What is the units digit of d(5)?
8
Let l = -248 + 306. Suppose 0 = -2*c + 5*x - 14, 2*c = 3*x - 0 - 6. Suppose -m + 4*s = 4*m - l, -c*m + 54 = 4*s. What is the units digit of m?
4
Let g(z) = 285*z - 1. Let h be g(-1). Let d be 468/(-48) - 4/16. What is the tens digit of 6/(-10) + h/d?
2
Let u(d) be the first derivative of 2*d**3/3 + d**2/2 - 2*d + 3. Let q be u(-2). Suppose -q*j + 4 = 24, a + 2*j = 3. What is the units digit of a?
3
Let o be 1 + 6/(24/100). Let c = 87 - o. What is the units digit of c?
1
Let n(s) = 358*s + 58. What is the hundreds digit of n(2)?
7
Suppose -2*q = -49 - 1. Let b = 47 - q. What is the tens digit of b?
2
Suppose 3*l - 2*z = -5*z + 363, 2*l - 235 = 5*z. Suppose -5*j = y - l, -y + j = -j - 141. Suppose -3*v + y + 6 = 0. What is the units digit of v?
7
Suppose 15 = -7*u + 36. Let a be ((-10)/(-6))/(1/u). Suppose 0 = -a*z - 20, 5*n + 50 = -4*z + 299. What is the units digit of n?
3
What is the thousands digit of 12/4 + 3891/3?
1
Suppose -2*l - 2317 = -6*l + p, -4*l - 2*p = -2326. What is the units digit of l?
0
Suppose -4*x + 14 = -2*x. Let o = x + -3. What is the tens digit of o/5*(-130)/(-4)?
2
Suppose -41 = -3*j + 4*v, -j + 3*v = -v - 11. Let f = j + -12. Suppose -9 = -3*o - f. What is the units digit of o?
2
Let o = 156 - 228. Let g be (0 - -3)/3 + o. Let c = g - -99. What is the units digit of c?
8
Let l be -2 - (96/3)/(-4). Let a be (l - 3)/1 + 2. Suppose -a*p + 3*o = o - 112, p = 5*o + 27. What is the tens digit of p?
2
Suppose 3*t + 5*a + 12 = 0, -t + 0 - 4 = a. Let y be 14/56 - 827/t. What is the units digit of y/6 - (-3)/(-6)?
4
Let p(t) = t**3 - 15*t**2 + 15*t - 9. Let m be p(14). Suppose m*n + 121 - 26 = 0. Let k = -13 - n. What is the units digit of k?
6
Let c(u) = u**3 - 18*u**2 + 16*u + 32. Let p be c(17). Let o(t) = -t - 1. Let v be o(-3). What is the units digit of 93/p + v/(-10)?
6
Let m(b) be the third derivative of b**5/30 + b**4/8 + 2*b**3/3 + 13*b**2. What is the tens digit of m(-6)?
5
Let c = 854 - 248. What is the units digit of c?
6
Suppose 0 = -4*w + z + z - 126, -z - 3 = 0. Let p = w - -110. What is the tens digit of p?
7
Suppose 3*k = 2*k. Let x = -1 + 71. Suppose 4*l - x = l + m, -m + 2 = k. What is the units digit of l?
4
Let y = 0 + 372. Let j = y - 148. What is the tens digit of j?
2
Let d(k) = k**3 + 10*k**2 - 1. Suppose 2*j - 6*j = -5*h + 20, -4*j - 60 = 5*h. Let a be d(j). Let s = 11 + a. What is the tens digit of s?
1
Suppose 3*m - 972 = 3*a, 0 = 5*m - 4*a - 1171 - 444. What is the units digit of m?
9
Let t = 494 + -250. What is the hundreds digit of t?
2
Suppose -2*v + 45 = -1163. What is the hundreds digit of v?
6
Let x(z) = 5*z**2 + 6*z - 8. What is the units digit of x(-4)?
8
Let g(x) = x**2 + 4*x - 5. Let c(q) = -q - 4. Let j(z) = 3*z + 7. Let a(u) = 7*c(u) + 3*j(u). Let w be a(5). What is the tens digit of g(w)?
1
Suppose 2*o + 4 = o. Let b = o - -4. Suppose 2*r = -x + 6, r - 10 = -4*x - b*r. What is the units digit of x?
2
Let p be 136/(99/24 - 4). Suppose 7*f = 655 + p. What is the units digit of f?
9
Suppose 2*a - 492 = -2*a. Let n = a + -46. What is the tens digit of n?
7
Let s = -11 + 8. What is the units digit of (s - 9/(-6))*-16?
4
Let y = -434 + 770. Let b = -183 + y. What is the units digit of b?
3
Suppose 16 = -5*d + d. Let s be (4 - 0)/((-2)/d). Let r(k) = 2*k - 1. What is the tens digit of r(s)?
1
Let m be -3 - (-4 + (-2 - -2)). What is the tens digit of 1*(-4 + 119)*m?
1
Let t(r) = -2*r**3 - 14*r**2 + 16*r - 4. Let o be t(-8). What is the units digit of 16/((-2)/o*(-11)/(-22))?
4
Suppose -4*n = -p + 14, 0 = -2*p - 4*n + 4 - 0. Let t(q) = -